
{"id":10,"date":"2025-10-28T02:21:25","date_gmt":"2025-10-28T02:21:25","guid":{"rendered":"https:\/\/idohomeschooling.com\/?page_id=10"},"modified":"2025-12-14T20:40:30","modified_gmt":"2025-12-14T20:40:30","slug":"quiero","status":"publish","type":"page","link":"https:\/\/idohomeschooling.com\/?page_id=10","title":{"rendered":"Quiero ser parte"},"content":{"rendered":"\n<div class=\"wp-block-cover alignfull is-light\" style=\"min-height:100px;aspect-ratio:unset;\"><span aria-hidden=\"true\" class=\"wp-block-cover__background has-background-dim-100 has-background-dim\" style=\"background-color:#f6c61b\"><\/span><div class=\"wp-block-cover__inner-container is-layout-flow wp-block-cover-is-layout-flow\">\n<h1 class=\"wp-block-heading alignwide has-text-align-left has-text-color\" style=\"color:#054776\">Deseas ser parte<\/h1>\n<\/div><\/div>\n\n\n\n<div style=\"height:20px\" aria-hidden=\"true\" class=\"wp-block-spacer\"><\/div>\n\n\n\n<div class=\"wp-block-group is-layout-flow wp-block-group-is-layout-flow\" style=\"padding-right:2rem;padding-left:2rem\">\n<div class=\"wp-block-columns are-vertically-aligned-center is-layout-flex wp-container-core-columns-is-layout-28f84493 wp-block-columns-is-layout-flex\">\n<div class=\"wp-block-column is-vertically-aligned-center is-layout-flow wp-block-column-is-layout-flow\">\n<p>El homeschooling o educaci\u00f3n en casa es una modalidad educativa alternativa donde los padres educan a sus hijos fuera del entorno escolar tradicional, adaptando el curr\u00edculo a las necesidades, ritmos y creencias familiares, y a menudo requiere seguir regulaciones legales y ofrece flexibilidad en el aprendizaje, aunque demanda mayor responsabilidad parental y organizaci\u00f3n para la socializaci\u00f3n y recursos, con apoyo de comunidades y programas especializados.<\/p>\n<\/div>\n<\/div>\n\n\n\n<div style=\"height:30px\" aria-hidden=\"true\" class=\"wp-block-spacer\"><\/div>\n\n\n\n<p>Lee atentamente la informaci\u00f3n en el formulario de inscripci\u00f3n, e inscr\u00edbete de acuerdo a tu calendario acad\u00e9mico.<\/p>\n\n\n\n<div style=\"height:30px\" aria-hidden=\"true\" class=\"wp-block-spacer\"><\/div>\n\n\n\n<div class=\"wp-block-buttons is-horizontal is-content-justification-center is-layout-flex wp-container-core-buttons-is-layout-03627597 wp-block-buttons-is-layout-flex\">\n<div class=\"wp-block-button is-style-primary animated bounce\"><a class=\"wp-block-button__link has-text-color has-background has-link-color has-small-font-size has-custom-font-size wp-element-button\" href=\"https:\/\/docs.google.com\/forms\/d\/e\/1FAIpQLScwO4kec92gGFEeNtPTDmKUk0qJ3_EKlAGEfH8ghisniswZCA\/viewform\" style=\"border-top-left-radius:20px;border-top-right-radius:20px;border-bottom-left-radius:20px;border-bottom-right-radius:20px;color:#0a2279;background-color:#ffd966\" target=\"_blank\" rel=\"noreferrer noopener\">Inscripciones<br>LATAM 25\/26<br>(Marzo-Diciembre)<\/a><\/div>\n\n\n\n<div class=\"wp-block-button is-style-secondary animated bounce\"><a class=\"wp-block-button__link has-nv-text-dark-bg-color has-text-color has-link-color has-small-font-size has-custom-font-size wp-element-button\" href=\"https:\/\/docs.google.com\/forms\/d\/e\/1FAIpQLScyOhCcd0aSsAgBW3Nu3wOXlkUvOuBuumwGHONcIWnmYwvnTg\/viewform\" style=\"border-top-left-radius:20px;border-top-right-radius:20px;border-bottom-left-radius:20px;border-bottom-right-radius:20px\" target=\"_blank\" rel=\"noreferrer noopener\">Inscripciones<br>USA 25\/26<br>(Agosto-Mayo)<\/a><\/div>\n<\/div>\n\n\n\n<div style=\"height:30px\" aria-hidden=\"true\" class=\"wp-block-spacer\"><\/div>\n<\/div>\n","protected":false},"excerpt":{"rendered":"<p>El homeschooling o educaci\u00f3n en casa es una modalidad educativa alternativa donde los padres educan a sus hijos fuera del entorno escolar tradicional, adaptando el curr\u00edculo a las necesidades, ritmos y creencias familiares, y a menudo requiere seguir regulaciones legales y ofrece flexibilidad en el aprendizaje, aunque demanda mayor responsabilidad parental y organizaci\u00f3n para la &hellip; <\/p>\n<p class=\"link-more\"><a href=\"https:\/\/idohomeschooling.com\/?page_id=10\" class=\"more-link\">Leer m\u00e1s<span class=\"screen-reader-text\"> \u00abQuiero ser parte\u00bb<\/span><\/a><\/p>\n","protected":false},"author":1,"featured_media":0,"parent":0,"menu_order":0,"comment_status":"closed","ping_status":"closed","template":"elementor_header_footer","meta":{"_uag_custom_page_level_css":"","inspiro_hide_title":false,"_joinchat":[],"footnotes":""},"class_list":["post-10","page","type-page","status-publish","hentry"],"uagb_featured_image_src":{"full":false,"thumbnail":false,"medium":false,"medium_large":false,"large":false,"1536x1536":false,"2048x2048":false,"inspiro-featured-image":false,"inspiro-loop":false,"inspiro-loop@2x":false,"portfolio_item-thumbnail":false,"portfolio_item-thumbnail@2x":false,"portfolio_item-masonry":false,"portfolio_item-masonry@2x":false,"portfolio_item-thumbnail_cinema":false,"portfolio_item-thumbnail_portrait":false,"portfolio_item-thumbnail_portrait@2x":false,"portfolio_item-thumbnail_square":false},"uagb_author_info":{"display_name":"santiago","author_link":"https:\/\/idohomeschooling.com\/?author=1"},"uagb_comment_info":0,"uagb_excerpt":"El homeschooling o educaci\u00f3n en casa es una modalidad educativa alternativa donde los padres educan a sus hijos fuera del entorno escolar tradicional, adaptando el curr\u00edculo a las necesidades, ritmos y creencias familiares, y a menudo requiere seguir regulaciones legales y ofrece flexibilidad en el aprendizaje, aunque demanda mayor responsabilidad parental y organizaci\u00f3n para la&hellip;","featured_media_urls":[],"_links":{"self":[{"href":"https:\/\/idohomeschooling.com\/index.php?rest_route=\/wp\/v2\/pages\/10","targetHints":{"allow":["GET"]}}],"collection":[{"href":"https:\/\/idohomeschooling.com\/index.php?rest_route=\/wp\/v2\/pages"}],"about":[{"href":"https:\/\/idohomeschooling.com\/index.php?rest_route=\/wp\/v2\/types\/page"}],"author":[{"embeddable":true,"href":"https:\/\/idohomeschooling.com\/index.php?rest_route=\/wp\/v2\/users\/1"}],"replies":[{"embeddable":true,"href":"https:\/\/idohomeschooling.com\/index.php?rest_route=%2Fwp%2Fv2%2Fcomments&post=10"}],"version-history":[{"count":15,"href":"https:\/\/idohomeschooling.com\/index.php?rest_route=\/wp\/v2\/pages\/10\/revisions"}],"predecessor-version":[{"id":1742,"href":"https:\/\/idohomeschooling.com\/index.php?rest_route=\/wp\/v2\/pages\/10\/revisions\/1742"}],"wp:attachment":[{"href":"https:\/\/idohomeschooling.com\/index.php?rest_route=%2Fwp%2Fv2%2Fmedia&parent=10"}],"curies":[{"name":"wp","href":"https:\/\/api.w.org\/{rel}","templated":true}]}}